{"id":61,"date":"2020-01-23T18:21:52","date_gmt":"2020-01-23T18:21:52","guid":{"rendered":"https:\/\/demosites.io\/web-agency-gb\/?page_id=61"},"modified":"2025-10-18T00:14:14","modified_gmt":"2025-10-18T00:14:14","slug":"propos","status":"publish","type":"page","link":"https:\/\/lesdeuxetincelles.com\/index.php\/propos\/","title":{"rendered":"\u00c0 Propos"},"content":{"rendered":"\n<div class=\"wp-block-cover alignfull\" style=\"min-height:300px;aspect-ratio:unset;\"><span aria-hidden=\"true\" class=\"wp-block-cover__background has-nv-site-bg-background-color has-background-dim-100 has-background-dim\"><\/span><div class=\"wp-block-cover__inner-container is-layout-flow wp-block-cover-is-layout-flow\">\n<div class=\"wp-block-group\"><div class=\"wp-block-group__inner-container is-layout-flow wp-block-group-is-layout-flow\">\n<h1 class=\"wp-block-heading has-text-align-left has-neve-text-color-color has-text-color\">\u00c0 Propos<\/h1>\n<\/div><\/div>\n<\/div><\/div>\n\n\n\n<div class=\"wp-block-cover alignfull\" style=\"min-height:600px;aspect-ratio:unset;\"><span aria-hidden=\"true\" class=\"wp-block-cover__background has-nv-light-bg-background-color has-background-dim-100 has-background-dim\"><\/span><div class=\"wp-block-cover__inner-container is-layout-flow wp-block-cover-is-layout-flow\">\n<div class=\"wp-block-group\"><div class=\"wp-block-group__inner-container is-layout-flow wp-block-group-is-layout-flow\">\n<div style=\"height:80px\" aria-hidden=\"true\" class=\"wp-block-spacer\"><\/div>\n\n\n\n<div class=\"wp-block-columns are-vertically-aligned-center has-neve-text-color-color has-text-color is-layout-flex wp-container-core-columns-is-layout-9d6595d7 wp-block-columns-is-layout-flex\">\n<div class=\"wp-block-column is-vertically-aligned-center is-layout-flow wp-block-column-is-layout-flow\" style=\"flex-basis:50%\">\n<figure class=\"wp-block-image size-full\"><img loading=\"lazy\" decoding=\"async\" width=\"1024\" height=\"1024\" src=\"https:\/\/lesdeuxetincelles.com\/wp-content\/uploads\/2025\/09\/ChatGPT-Image-17-sept.-2025-23_23_28.png\" alt=\"\" class=\"wp-image-473\" srcset=\"https:\/\/lesdeuxetincelles.com\/wp-content\/uploads\/2025\/09\/ChatGPT-Image-17-sept.-2025-23_23_28.png 1024w, https:\/\/lesdeuxetincelles.com\/wp-content\/uploads\/2025\/09\/ChatGPT-Image-17-sept.-2025-23_23_28-300x300.png 300w, https:\/\/lesdeuxetincelles.com\/wp-content\/uploads\/2025\/09\/ChatGPT-Image-17-sept.-2025-23_23_28-150x150.png 150w, https:\/\/lesdeuxetincelles.com\/wp-content\/uploads\/2025\/09\/ChatGPT-Image-17-sept.-2025-23_23_28-768x768.png 768w\" sizes=\"auto, (max-width: 1024px) 100vw, 1024px\" \/><\/figure>\n<\/div>\n\n\n\n<div class=\"wp-block-column is-vertically-aligned-center is-layout-flow wp-block-column-is-layout-flow\" style=\"flex-basis:50%\">\n<h2 class=\"wp-block-heading has-neve-text-color-color has-text-color\">Notre histoire<\/h2>\n\n\n\n<p class=\"has-neve-text-color-color has-text-color\">N\u00e9es d\u2019une envie simple \u2013 offrir un m\u00e9nage fiable, minutieux et abordable \u2013 <strong>Les Deux \u00c9tincelles<\/strong> ont commenc\u00e9 avec quelques clients \u00e0 Vaudreuil et Valleyfield. Le bouche-\u00e0-oreille a vite grandi, et notre petite \u00e9quipe s\u2019est transform\u00e9e en un service professionnel qui aide aujourd\u2019hui des familles et des entreprises \u00e0 retrouver des espaces impeccables, jour apr\u00e8s jour.<\/p>\n<\/div>\n<\/div>\n\n\n\n<div style=\"height:40px\" aria-hidden=\"true\" class=\"wp-block-spacer\"><\/div>\n<\/div><\/div>\n<\/div><\/div>\n\n\n\n<div class=\"wp-block-cover alignfull\" style=\"min-height:600px;aspect-ratio:unset;\"><img loading=\"lazy\" decoding=\"async\" width=\"1536\" height=\"1024\" class=\"wp-block-cover__image-background wp-image-397 size-full\" alt=\"\" src=\"http:\/\/lesdeuxetincelles.com\/wp-content\/uploads\/2025\/09\/ChatGPT-Image-17-sept.-2025-19_05_11-3.png\" data-object-fit=\"cover\" srcset=\"https:\/\/lesdeuxetincelles.com\/wp-content\/uploads\/2025\/09\/ChatGPT-Image-17-sept.-2025-19_05_11-3.png 1536w, https:\/\/lesdeuxetincelles.com\/wp-content\/uploads\/2025\/09\/ChatGPT-Image-17-sept.-2025-19_05_11-3-300x200.png 300w\" sizes=\"auto, (max-width: 1536px) 100vw, 1536px\" \/><span aria-hidden=\"true\" class=\"wp-block-cover__background has-nv-dark-bg-background-color has-background-dim\"><\/span><div class=\"wp-block-cover__inner-container is-layout-flow wp-block-cover-is-layout-flow\">\n<div class=\"wp-block-group\"><div class=\"wp-block-group__inner-container is-layout-flow wp-block-group-is-layout-flow\">\n<div style=\"height:80px\" aria-hidden=\"true\" class=\"wp-block-spacer\"><\/div>\n\n\n\n<div class=\"wp-block-columns are-vertically-aligned-center is-layout-flex wp-container-core-columns-is-layout-9d6595d7 wp-block-columns-is-layout-flex\">\n<div class=\"wp-block-column is-vertically-aligned-center is-layout-flow wp-block-column-is-layout-flow\" style=\"flex-basis:50%\">\n<h2 class=\"wp-block-heading has-nv-text-dark-bg-color has-text-color\">Ce qui nous distingue<\/h2>\n\n\n\n<p class=\"has-nv-text-dark-bg-color has-text-color\"><strong>Rigueur et Constance<\/strong> : Nous appliquons les m\u00eames standards \u00e9lev\u00e9s \u00e0 chaque passage, sans compromis.<\/p>\n\n\n\n<p class=\"has-nv-text-dark-bg-color has-text-color\"><strong>Fiabilit\u00e9<\/strong> : Toujours \u00e0 l\u2019heure, \u00e9quip\u00e9s et pr\u00eats \u00e0 rendre vos espaces impeccables.<\/p>\n\n\n\n<p class=\"has-nv-text-dark-bg-color has-text-color\"><strong>\u00c9coute<\/strong> : Nous adaptons nos services \u00e0 vos priorit\u00e9s et \u00e0 votre rythme de vie ou de travail.<\/p>\n\n\n\n<p class=\"has-nv-text-dark-bg-color has-text-color\"><strong>Respect des espaces<\/strong> : Soins attentifs pour vos surfaces, meubles et appareils, comme si c\u2019\u00e9tait les n\u00f4tres.<\/p>\n\n\n\n<p class=\"has-nv-text-dark-bg-color has-text-color\"><strong>Local et Proche<\/strong> : Une \u00e9quipe locale, au service de <strong>Vaudreuil, Valleyfield et des alentours<\/strong>.<\/p>\n\n\n\n<div class=\"wp-block-buttons is-layout-flex wp-block-buttons-is-layout-flex\"><\/div>\n<\/div>\n\n\n\n<div class=\"wp-block-column is-vertically-aligned-center is-layout-flow wp-block-column-is-layout-flow\" style=\"flex-basis:50%\">\n<figure class=\"wp-block-image size-full\"><img loading=\"lazy\" decoding=\"async\" width=\"1024\" height=\"1024\" src=\"https:\/\/lesdeuxetincelles.com\/wp-content\/uploads\/2025\/09\/ChatGPT-Image-17-sept.-2025-23_15_19.png\" alt=\"\" class=\"wp-image-471\" srcset=\"https:\/\/lesdeuxetincelles.com\/wp-content\/uploads\/2025\/09\/ChatGPT-Image-17-sept.-2025-23_15_19.png 1024w, https:\/\/lesdeuxetincelles.com\/wp-content\/uploads\/2025\/09\/ChatGPT-Image-17-sept.-2025-23_15_19-300x300.png 300w, https:\/\/lesdeuxetincelles.com\/wp-content\/uploads\/2025\/09\/ChatGPT-Image-17-sept.-2025-23_15_19-150x150.png 150w, https:\/\/lesdeuxetincelles.com\/wp-content\/uploads\/2025\/09\/ChatGPT-Image-17-sept.-2025-23_15_19-768x768.png 768w\" sizes=\"auto, (max-width: 1024px) 100vw, 1024px\" \/><\/figure>\n<\/div>\n<\/div>\n\n\n\n<div style=\"height:40px\" aria-hidden=\"true\" class=\"wp-block-spacer\"><\/div>\n<\/div><\/div>\n<\/div><\/div>\n\n\n\n<div class=\"wp-block-cover alignfull\" style=\"min-height:420px;aspect-ratio:unset;\"><span aria-hidden=\"true\" class=\"wp-block-cover__background has-nv-site-bg-background-color has-background-dim-100 has-background-dim\"><\/span><div class=\"wp-block-cover__inner-container is-layout-flow wp-block-cover-is-layout-flow\">\n<div style=\"height:80px\" aria-hidden=\"true\" class=\"wp-block-spacer\"><\/div>\n\n\n\n<div class=\"wp-block-columns is-layout-flex wp-container-core-columns-is-layout-9d6595d7 wp-block-columns-is-layout-flex\">\n<div class=\"wp-block-column ticss-4ce656f1 is-layout-flow wp-block-column-is-layout-flow\">\n<figure class=\"wp-block-image size-large icon-style is-style-rounded\"><img loading=\"lazy\" decoding=\"async\" width=\"72\" height=\"72\" src=\"http:\/\/lesdeuxetincelles.com\/wp-content\/uploads\/2020\/01\/neve-webdesign-GB-03.png\" alt=\"\" class=\"wp-image-20\"\/><\/figure>\n\n\n\n<div style=\"height:24px\" aria-hidden=\"true\" class=\"wp-block-spacer\"><\/div>\n\n\n\n<h3 class=\"wp-block-heading has-text-align-left has-text-align-center has-neve-text-color-color has-text-color\">Super Efficace<\/h3>\n\n\n\n<p class=\"has-text-align-left has-neve-text-color-color has-text-color\">Nous assurons un service rapide et minutieux \u00e0 chaque visite, pour un r\u00e9sultat \u00e9clatant.<\/p>\n\n\n\n<div style=\"height:20px\" aria-hidden=\"true\" class=\"wp-block-spacer\"><\/div>\n<\/div>\n\n\n\n<div class=\"wp-block-column ticss-f6fc7494 is-layout-flow wp-block-column-is-layout-flow\">\n<figure class=\"wp-block-image size-large icon-style is-style-rounded\"><img loading=\"lazy\" decoding=\"async\" width=\"72\" height=\"72\" src=\"http:\/\/lesdeuxetincelles.com\/wp-content\/uploads\/2020\/01\/neve-webdesign-GB-03.png\" alt=\"\" class=\"wp-image-20\"\/><\/figure>\n\n\n\n<div style=\"height:24px\" aria-hidden=\"true\" class=\"wp-block-spacer\"><\/div>\n\n\n\n<h3 class=\"wp-block-heading has-text-align-left has-text-align-center has-neve-text-color-color has-text-color\">Engag\u00e9s \u00e0 100 %<\/h3>\n\n\n\n<p class=\"has-text-align-left has-neve-text-color-color has-text-color\">Votre satisfaction est notre priorit\u00e9 : nous travaillons avec rigueur et constance.<\/p>\n\n\n\n<div style=\"height:20px\" aria-hidden=\"true\" class=\"wp-block-spacer\"><\/div>\n<\/div>\n\n\n\n<div class=\"wp-block-column ticss-a5b4df29 is-layout-flow wp-block-column-is-layout-flow\">\n<figure class=\"wp-block-image size-large icon-style is-style-rounded\"><img loading=\"lazy\" decoding=\"async\" width=\"72\" height=\"72\" src=\"http:\/\/lesdeuxetincelles.com\/wp-content\/uploads\/2020\/01\/neve-webdesign-GB-03.png\" alt=\"\" class=\"wp-image-20\"\/><\/figure>\n\n\n\n<div style=\"height:24px\" aria-hidden=\"true\" class=\"wp-block-spacer\"><\/div>\n\n\n\n<h3 class=\"wp-block-heading has-text-align-left has-text-align-center has-neve-text-color-color has-text-color\">Haute Qualit\u00e9<\/h3>\n\n\n\n<p class=\"has-text-align-left has-neve-text-color-color has-text-color\">Des standards \u00e9lev\u00e9s, des produits adapt\u00e9s et un savoir-faire professionnel.<\/p>\n\n\n\n<div style=\"height:20px\" aria-hidden=\"true\" class=\"wp-block-spacer\"><\/div>\n<\/div>\n<\/div>\n\n\n\n<div style=\"height:30px\" aria-hidden=\"true\" class=\"wp-block-spacer\"><\/div>\n<\/div><\/div>\n\n\n\n<div class=\"wp-block-cover alignfull\" style=\"min-height:600px;aspect-ratio:unset;\"><span aria-hidden=\"true\" class=\"wp-block-cover__background has-nv-light-bg-background-color has-background-dim-100 has-background-dim\"><\/span><div class=\"wp-block-cover__inner-container is-layout-flow wp-block-cover-is-layout-flow\">\n<div class=\"wp-block-group\"><div class=\"wp-block-group__inner-container is-layout-flow wp-block-group-is-layout-flow\">\n<div style=\"height:80px\" aria-hidden=\"true\" class=\"wp-block-spacer\"><\/div>\n\n\n\n<div class=\"wp-block-columns are-vertically-aligned-center is-layout-flex wp-container-core-columns-is-layout-9d6595d7 wp-block-columns-is-layout-flex\">\n<div class=\"wp-block-column is-vertically-aligned-center is-layout-flow wp-block-column-is-layout-flow\"><div class=\"wp-block-image is-style-default\">\n<figure class=\"aligncenter size-large is-resized\"><img loading=\"lazy\" decoding=\"async\" width=\"683\" height=\"1024\" src=\"http:\/\/lesdeuxetincelles.com\/wp-content\/uploads\/2025\/09\/ChatGPT-Image-18-sept.-2025-00_23_40-683x1024.png\" alt=\"\" class=\"wp-image-478\" style=\"width:315px;height:auto\" srcset=\"https:\/\/lesdeuxetincelles.com\/wp-content\/uploads\/2025\/09\/ChatGPT-Image-18-sept.-2025-00_23_40-683x1024.png 683w, https:\/\/lesdeuxetincelles.com\/wp-content\/uploads\/2025\/09\/ChatGPT-Image-18-sept.-2025-00_23_40-200x300.png 200w, https:\/\/lesdeuxetincelles.com\/wp-content\/uploads\/2025\/09\/ChatGPT-Image-18-sept.-2025-00_23_40-768x1152.png 768w, https:\/\/lesdeuxetincelles.com\/wp-content\/uploads\/2025\/09\/ChatGPT-Image-18-sept.-2025-00_23_40.png 1024w\" sizes=\"auto, (max-width: 683px) 100vw, 683px\" \/><\/figure>\n<\/div>\n\n\n<div style=\"height:24px\" aria-hidden=\"true\" class=\"wp-block-spacer\"><\/div>\n\n\n\n<h3 class=\"wp-block-heading has-text-align-center has-neve-text-color-color has-text-color\">Alex Emond<\/h3>\n\n\n\n<p class=\"has-text-align-center has-neve-text-color-color has-text-color\">Gestion &amp; Administration<\/p>\n\n\n\n<div style=\"height:40px\" aria-hidden=\"true\" class=\"wp-block-spacer\"><\/div>\n<\/div>\n\n\n\n<div class=\"wp-block-column is-vertically-aligned-center is-layout-flow wp-block-column-is-layout-flow\"><div class=\"wp-block-image is-style-default\">\n<figure class=\"aligncenter size-large is-resized\"><img loading=\"lazy\" decoding=\"async\" width=\"683\" height=\"1024\" src=\"https:\/\/lesdeuxetincelles.com\/wp-content\/uploads\/2025\/09\/ChatGPT-Image-18-sept.-2025-00_37_56-683x1024.png\" alt=\"\" class=\"wp-image-481\" style=\"width:317px;height:auto\" srcset=\"https:\/\/lesdeuxetincelles.com\/wp-content\/uploads\/2025\/09\/ChatGPT-Image-18-sept.-2025-00_37_56-683x1024.png 683w, https:\/\/lesdeuxetincelles.com\/wp-content\/uploads\/2025\/09\/ChatGPT-Image-18-sept.-2025-00_37_56-200x300.png 200w, https:\/\/lesdeuxetincelles.com\/wp-content\/uploads\/2025\/09\/ChatGPT-Image-18-sept.-2025-00_37_56-768x1152.png 768w, https:\/\/lesdeuxetincelles.com\/wp-content\/uploads\/2025\/09\/ChatGPT-Image-18-sept.-2025-00_37_56.png 1024w\" sizes=\"auto, (max-width: 683px) 100vw, 683px\" \/><\/figure>\n<\/div>\n\n\n<div style=\"height:24px\" aria-hidden=\"true\" class=\"wp-block-spacer\"><\/div>\n\n\n\n<h3 class=\"wp-block-heading has-text-align-center has-neve-text-color-color has-text-color\">Laurie Blanchet<\/h3>\n\n\n\n<p class=\"has-text-align-center has-neve-text-color-color has-text-color\">Fondatrice &amp; Responsable des op\u00e9rations<\/p>\n\n\n\n<div style=\"height:40px\" aria-hidden=\"true\" class=\"wp-block-spacer\"><\/div>\n<\/div>\n\n\n\n<div class=\"wp-block-column is-vertically-aligned-center is-layout-flow wp-block-column-is-layout-flow\"><div class=\"wp-block-image is-style-default\">\n<figure class=\"aligncenter size-full\"><img loading=\"lazy\" decoding=\"async\" width=\"1024\" height=\"1024\" src=\"https:\/\/lesdeuxetincelles.com\/wp-content\/uploads\/2025\/09\/ChatGPT-Image-18-sept.-2025-00_47_16.png\" alt=\"\" class=\"wp-image-484\" srcset=\"https:\/\/lesdeuxetincelles.com\/wp-content\/uploads\/2025\/09\/ChatGPT-Image-18-sept.-2025-00_47_16.png 1024w, https:\/\/lesdeuxetincelles.com\/wp-content\/uploads\/2025\/09\/ChatGPT-Image-18-sept.-2025-00_47_16-300x300.png 300w, https:\/\/lesdeuxetincelles.com\/wp-content\/uploads\/2025\/09\/ChatGPT-Image-18-sept.-2025-00_47_16-150x150.png 150w, https:\/\/lesdeuxetincelles.com\/wp-content\/uploads\/2025\/09\/ChatGPT-Image-18-sept.-2025-00_47_16-768x768.png 768w\" sizes=\"auto, (max-width: 1024px) 100vw, 1024px\" \/><\/figure>\n<\/div>\n\n\n<div style=\"height:24px\" aria-hidden=\"true\" class=\"wp-block-spacer\"><\/div>\n\n\n\n<h3 class=\"wp-block-heading has-text-align-center has-neve-text-color-color has-text-color\">Michelle<\/h3>\n\n\n\n<p class=\"has-text-align-center has-neve-text-color-color has-text-color\">Co-fondatrice associ\u00e9e<\/p>\n\n\n\n<div style=\"height:40px\" aria-hidden=\"true\" class=\"wp-block-spacer\"><\/div>\n<\/div>\n<\/div>\n\n\n\n<div style=\"height:40px\" aria-hidden=\"true\" class=\"wp-block-spacer\"><\/div>\n<\/div><\/div>\n<\/div><\/div>\n","protected":false},"excerpt":{"rendered":"","protected":false},"author":1,"featured_media":0,"parent":0,"menu_order":0,"comment_status":"closed","ping_status":"closed","template":"","meta":{"neve_meta_sidebar":"default","neve_meta_container":"default","neve_meta_enable_content_width":"on","neve_meta_content_width":100,"neve_meta_title_alignment":"","neve_meta_author_avatar":"","neve_post_elements_order":"","neve_meta_disable_header":"","neve_meta_disable_footer":"","neve_meta_disable_title":"on","_themeisle_gutenberg_block_has_review":false,"footnotes":""},"class_list":["post-61","page","type-page","status-publish","hentry"],"_links":{"self":[{"href":"https:\/\/lesdeuxetincelles.com\/index.php\/wp-json\/wp\/v2\/pages\/61","targetHints":{"allow":["GET"]}}],"collection":[{"href":"https:\/\/lesdeuxetincelles.com\/index.php\/wp-json\/wp\/v2\/pages"}],"about":[{"href":"https:\/\/lesdeuxetincelles.com\/index.php\/wp-json\/wp\/v2\/types\/page"}],"author":[{"embeddable":true,"href":"https:\/\/lesdeuxetincelles.com\/index.php\/wp-json\/wp\/v2\/users\/1"}],"replies":[{"embeddable":true,"href":"https:\/\/lesdeuxetincelles.com\/index.php\/wp-json\/wp\/v2\/comments?post=61"}],"version-history":[{"count":10,"href":"https:\/\/lesdeuxetincelles.com\/index.php\/wp-json\/wp\/v2\/pages\/61\/revisions"}],"predecessor-version":[{"id":523,"href":"https:\/\/lesdeuxetincelles.com\/index.php\/wp-json\/wp\/v2\/pages\/61\/revisions\/523"}],"wp:attachment":[{"href":"https:\/\/lesdeuxetincelles.com\/index.php\/wp-json\/wp\/v2\/media?parent=61"}],"curies":[{"name":"wp","href":"https:\/\/api.w.org\/{rel}","templated":true}]}}